n divisor of 657344425 and 95.
95
What is the greatest common factor of 18664 and 49160?
8
What is the greatest common divisor of 4888 and 57208?
8
What is the highest common divisor of 36715436 and 8?
4
What is the greatest common divisor of 4119290 and 17845?
415
Calculate the highest common divisor of 200 and 46453900.
100
Calculate the highest common factor of 598 and 176663.
23
What is the highest common factor of 825 and 7824325?
25
What is the highest common factor of 1914 and 13733907?
957
Calculate the greatest common divisor of 73762132 and 356.
356
Calculate the highest common factor of 7242615 and 585.
45
What is the greatest common divisor of 806546 and 132392?
1742
What is the greatest common divisor of 49328085 and 342?
57
What is the highest common factor of 73103056 and 416?
208
Calculate the greatest common divisor of 50 and 664410.
10
What is the greatest common factor of 99918 and 232050?
546
Calculate the greatest common factor of 212860 and 125480.
20
What is the highest common divisor of 2295 and 1823403?
51
Calculate the greatest common divisor of 148360 and 595.
5
What is the highest common divisor of 1421451000 and 129?
129
What is the greatest common factor of 2670 and 479888?
178
Calculate the greatest common divisor of 8435 and 16165075.
1205
What is the highest common factor of 15176 and 466391?
271
Calculate the highest common factor of 159 and 5015337.
159
Calculate the highest common factor of 439626 and 528.
66
What is the highest common factor of 101100370 and 1050?
70
Calculate the greatest common factor of 165323 and 4730371.
5333
What is the greatest common factor of 84 and 16780572?
12
What is the highest common factor of 15641743 and 351?
13
What is the highest common divisor of 200965 and 3505?
5
What is the greatest common divisor of 128 and 96384896?
128
What is the greatest common factor of 130946 and 155644?
466
Calculate the greatest common divisor of 158324 and 19252.
4
Calculate the highest common factor of 246193932 and 4692.
4692
What is the greatest common factor of 2353 and 197846394?
181
What is the greatest common factor of 46450276 and 7190?
1438
Calculate the greatest common divisor of 1626520 and 333592.
2072
Calculate the greatest common factor of 4959084 and 52871.
1079
Calculate the greatest common factor of 147262 and 71282.
58
Calculate the greatest common divisor of 1885552 and 4390572.
2468
What is the highest common factor of 2853771 and 17525?
701
What is the greatest common divisor of 6246067 and 3755?
751
Calculate the greatest common factor of 6 and 18455847.
3
Calculate the greatest common divisor of 89535 and 27615.
15
Calculate the greatest common divisor of 13394 and 14979922.
362
Calculate the highest common factor of 2052 and 1175948.
76
Calculate the highest common divisor of 1019408 and 26832.
208
What is the highest common divisor of 187 and 5826722?
11
What is the greatest common factor of 7630180 and 180?
20
Calculate the highest common factor of 705192 and 4936.
8
Calculate the greatest common factor of 9394 and 3054898.
154
What is the highest common divisor of 6220 and 16860865?
1555
Calculate the greatest common divisor of 1372 and 6115690.
686
Calculate the greatest common divisor of 6026369 and 219.
73
What is the greatest common divisor of 1884859 and 3644?
911
Calculate the highest common divisor of 251 and 958593096.
251
Calculate the greatest common factor of 42488256 and 133.
19
Calculate the greatest common divisor of 1536 and 481224.
24
What is the highest common factor of 208083728 and 16?
16
Calculate the highest common factor of 160469 and 44252.
37
What is the greatest common factor of 710832 and 249216?
2832
Calculate the greatest common divisor of 24294 and 12684.
6
What is the greatest common factor of 155835 and 43218?
9
What is the greatest common divisor of 6636 and 8544732?
84
Calculate the highest common divisor of 29862 and 133194.
474
What is the highest common factor of 160 and 575700360?
40
Calculate the greatest common factor of 1347138 and 5909.
19
Calculate the greatest common divisor of 2117265 and 321765.
285
What is the greatest common factor of 3190140 and 8?
4
Calculate the highest common factor of 30617 and 6001.
17
Calculate the highest common divisor of 7802 and 3507986.
94
What is the highest common factor of 408645454 and 42?
14
What is the highest common factor of 41568 and 52608?
96
What is the highest common divisor of 19519146 and 60074?
1226
What is the greatest common divisor of 472508587 and 38?
19
What is the greatest common divisor of 18 and 31822410?
6
Calculate the highest common divisor of 456 and 1264240.
8
Calculate the highest common factor of 5895 and 2449307.
131
Calculate the highest common divisor of 3591872 and 192.
64
Calculate the greatest common divisor of 2366 and 851487.
91
Calculate the highest common factor of 916461 and 247.
13
Calculate the greatest common divisor of 18 and 16909436.
2
Calculate the highest common factor of 52292 and 204.
68
What is the greatest common divisor of 3 and 268581?
3
Calculate the highest common divisor of 3 and 92957628.
3
What is the highest common factor of 4392 and 1604788?
244
What is the greatest common factor of 48 and 1049889?
3
Calculate the highest common divisor of 5952 and 603156.
12
Calculate the greatest common divisor of 115 and 9133545.
5
Calculate the highest common divisor of 186166 and 18.
2
What is the highest common divisor of 6058 and 178516?
26
Calculate the highest common divisor of 3096 and 2439360.
72
What is the greatest common divisor of 43296 and 1854?
6
Calculate the highest common divisor of 118 and 12288697.
59
Calculate the greatest common divisor of 24 and 56194746.
6
Calculate the highest common factor of 3548155104 and 24.
24
Calculate the highest common divisor of 48 and 746663688.
24
What is the highest common factor of 9525532 and 13502?
86
What is the highest common factor of 8922912 and 208?
16
Calculate the greatest common factor of 21702120 and 40902.
2406
What is the greatest common divisor of 13925030 and 60?
10
What is the greatest common factor of 1365 and 329007?
21
Calculate the greatest common divisor of 436318 and 76234.
1622
Calculate the greatest common divisor of 287555 and 857690.
995
Calculate the highest common factor of 32 and 122088.
8
Calculate the greatest common divisor of 14453 and 250469.
149
Calculate the greatest common factor of 10746 and 6108504.
1194
What is the greatest common factor of 684405 and 615?
15
What is the greatest common divisor of 87252 and 23942742?
3966
What is the highest common divisor of 20 and 6087915?
5
Calculate the highest common factor of 32290839 and 189.
189
Calculate the highest common factor of 1910428 and 2106.
26
Calculate the highest common divisor of 106476 and 395599.
19
Calculate the highest common divisor of 4242944 and 75776.
512
Calculate the highest common factor of 5831980 and 1540.
1540
Calculate the highest common factor of 3 and 9622653.
3
Calculate the greatest common divisor of 193173200 and 26400.
4400
Calculate the greatest common factor of 5210 and 1051378.
1042
What is the greatest common divisor of 8470572 and 396?
132
What is the highest common factor of 16593434 and 45461?
169
Calculate the greatest common divisor of 212898744 and 290.
58
Calculate the greatest common factor of 660 and 481819980.
60
What is the highest common divisor of 955 and 1621595?
5
What is the greatest common factor of 1206975 and 325?
25
Calculate the greatest common factor of 576335 and 162206.
73
Calculate the greatest common factor of 4499040 and 1170.
390
Calculate the highest common factor of 3962540 and 2300.
20
Calculate the greatest common divisor of 24 and 11840739.
3
What is the highest common factor of 1557773988 and 68?
68
What is the greatest common divisor of 2117043 and 22873?
89
What is the highest common factor of 590400 and 6929?
41
Calculate the highest common factor of 36 and 52394028.
12
Calculate the highest common divisor of 164600555 and 13720.
1715
Calculate the greatest common factor of 83111 and 506326.
383
What is the highest common factor of 504961 and 1816504?
3389
What is the greatest common divisor of 968 and 55107272?
968
Calculate the g